{"id":386,"date":"2025-09-18T09:54:50","date_gmt":"2025-09-18T09:54:50","guid":{"rendered":"https:\/\/www.bon-vivin.fr\/?post_type=product&#038;p=386"},"modified":"2025-10-26T17:22:03","modified_gmt":"2025-10-26T17:22:03","slug":"le-cabanon-blanc","status":"publish","type":"product","link":"https:\/\/www.bon-vivin.fr\/index.php\/produit\/le-cabanon-blanc\/","title":{"rendered":"Le Cabanon Blanc"},"content":{"rendered":"<p>Un vin blanc sec, friand et rafra\u00eechissant, assemblage de Vermentino &amp; Colombard. Le nez exprime des fruits \u00e0 chair blanche (poire, pomme) et une touche florale l\u00e9g\u00e8re, la bouche est fluide, tonique, avec une belle fra\u00eecheur persistante. Un vin simple mais \u00e9l\u00e9gant, parfait pour l\u2019\u00e9t\u00e9 ou pour ceux qui aiment les vins blancs sans fioritures.<\/p>\n<p><strong>Accords gourmands<\/strong><\/p>\n<ul>\n<li>Ap\u00e9ritif l\u00e9ger, crudit\u00e9s<\/li>\n<li>Fruits de mer (hu\u00eetres, moules)<\/li>\n<li>Salades de l\u00e9gumes grill\u00e9s ou marin\u00e9s<\/li>\n<li>Tartes sal\u00e9es (oignon, ch\u00e8vre) ou poissons blancs grill\u00e9s<\/li>\n<\/ul>\n","protected":false},"excerpt":{"rendered":"<p>Un vin blanc sec, friand et rafra\u00eechissant, assemblage de Vermentino &amp; Colombard. Le nez exprime des fruits \u00e0 chair blanche (poire, pomme) et une touche florale l\u00e9g\u00e8re, la bouche est fluide, tonique, avec une belle fra\u00eecheur persistante. Un vin simple mais \u00e9l\u00e9gant, parfait pour l\u2019\u00e9t\u00e9 ou pour ceux qui aiment les vins blancs sans fioritures. [&hellip;]<\/p>\n","protected":false},"featured_media":387,"comment_status":"open","ping_status":"closed","template":"","meta":{"inline_featured_image":false},"product_brand":[],"product_cat":[22],"product_tag":[],"class_list":{"0":"post-386","1":"product","2":"type-product","3":"status-publish","4":"has-post-thumbnail","6":"product_cat-blanc","7":"pa_vigneron-robert-vic","9":"first","10":"instock","11":"shipping-taxable","12":"purchasable","13":"product-type-simple"},"_links":{"self":[{"href":"https:\/\/www.bon-vivin.fr\/index.php\/wp-json\/wp\/v2\/product\/386","targetHints":{"allow":["GET"]}}],"collection":[{"href":"https:\/\/www.bon-vivin.fr\/index.php\/wp-json\/wp\/v2\/product"}],"about":[{"href":"https:\/\/www.bon-vivin.fr\/index.php\/wp-json\/wp\/v2\/types\/product"}],"replies":[{"embeddable":true,"href":"https:\/\/www.bon-vivin.fr\/index.php\/wp-json\/wp\/v2\/comments?post=386"}],"wp:featuredmedia":[{"embeddable":true,"href":"https:\/\/www.bon-vivin.fr\/index.php\/wp-json\/wp\/v2\/media\/387"}],"wp:attachment":[{"href":"https:\/\/www.bon-vivin.fr\/index.php\/wp-json\/wp\/v2\/media?parent=386"}],"wp:term":[{"taxonomy":"product_brand","embeddable":true,"href":"https:\/\/www.bon-vivin.fr\/index.php\/wp-json\/wp\/v2\/product_brand?post=386"},{"taxonomy":"product_cat","embeddable":true,"href":"https:\/\/www.bon-vivin.fr\/index.php\/wp-json\/wp\/v2\/product_cat?post=386"},{"taxonomy":"product_tag","embeddable":true,"href":"https:\/\/www.bon-vivin.fr\/index.php\/wp-json\/wp\/v2\/product_tag?post=386"}],"curies":[{"name":"wp","href":"https:\/\/api.w.org\/{rel}","templated":true}]}}