{"id":374,"date":"2025-09-18T09:40:25","date_gmt":"2025-09-18T09:40:25","guid":{"rendered":"https:\/\/www.bon-vivin.fr\/?post_type=product&#038;p=374"},"modified":"2025-10-26T17:22:48","modified_gmt":"2025-10-26T17:22:48","slug":"le-petit-coquin-rose","status":"publish","type":"product","link":"https:\/\/www.bon-vivin.fr\/index.php\/produit\/le-petit-coquin-rose\/","title":{"rendered":"Le petit coquin ros\u00e9"},"content":{"rendered":"<p>Un ros\u00e9 fruit\u00e9 et lumineux, assemblage de Cabernet Franc, Malbec et Gamay. Le nez s\u2019ouvre sur des notes de fleurs blanches, de fruits rouges et d\u2019agrumes, la bouche est ronde, fra\u00eeche et plaisante, avec une jolie vivacit\u00e9 finale. Parfait vin de soif, convivial et facile \u00e0 appr\u00e9cier.<\/p>\n<p><strong>Accords gourmands<\/strong><\/p>\n<ul>\n<li>Tapas &amp; charcuteries fines<\/li>\n<li>Salades compos\u00e9es &amp; l\u00e9gumes grill\u00e9s<\/li>\n<li>Poissons marin\u00e9s ou grill\u00e9s<\/li>\n<li>Fromages de ch\u00e8vre frais \/ fromage blanc fruit\u00e9<\/li>\n<\/ul>\n","protected":false},"excerpt":{"rendered":"<p>Un ros\u00e9 fruit\u00e9 et lumineux, assemblage de Cabernet Franc, Malbec et Gamay. Le nez s\u2019ouvre sur des notes de fleurs blanches, de fruits rouges et d\u2019agrumes, la bouche est ronde, fra\u00eeche et plaisante, avec une jolie vivacit\u00e9 finale. Parfait vin de soif, convivial et facile \u00e0 appr\u00e9cier. Accords gourmands Tapas &amp; charcuteries fines Salades compos\u00e9es [&hellip;]<\/p>\n","protected":false},"featured_media":375,"comment_status":"open","ping_status":"closed","template":"","meta":{"inline_featured_image":false},"product_brand":[],"product_cat":[44],"product_tag":[],"class_list":{"0":"post-374","1":"product","2":"type-product","3":"status-publish","4":"has-post-thumbnail","6":"product_cat-rose","7":"pa_vigneron-les-vignerons-du-quercy","9":"first","10":"instock","11":"shipping-taxable","12":"purchasable","13":"product-type-simple"},"_links":{"self":[{"href":"https:\/\/www.bon-vivin.fr\/index.php\/wp-json\/wp\/v2\/product\/374","targetHints":{"allow":["GET"]}}],"collection":[{"href":"https:\/\/www.bon-vivin.fr\/index.php\/wp-json\/wp\/v2\/product"}],"about":[{"href":"https:\/\/www.bon-vivin.fr\/index.php\/wp-json\/wp\/v2\/types\/product"}],"replies":[{"embeddable":true,"href":"https:\/\/www.bon-vivin.fr\/index.php\/wp-json\/wp\/v2\/comments?post=374"}],"wp:featuredmedia":[{"embeddable":true,"href":"https:\/\/www.bon-vivin.fr\/index.php\/wp-json\/wp\/v2\/media\/375"}],"wp:attachment":[{"href":"https:\/\/www.bon-vivin.fr\/index.php\/wp-json\/wp\/v2\/media?parent=374"}],"wp:term":[{"taxonomy":"product_brand","embeddable":true,"href":"https:\/\/www.bon-vivin.fr\/index.php\/wp-json\/wp\/v2\/product_brand?post=374"},{"taxonomy":"product_cat","embeddable":true,"href":"https:\/\/www.bon-vivin.fr\/index.php\/wp-json\/wp\/v2\/product_cat?post=374"},{"taxonomy":"product_tag","embeddable":true,"href":"https:\/\/www.bon-vivin.fr\/index.php\/wp-json\/wp\/v2\/product_tag?post=374"}],"curies":[{"name":"wp","href":"https:\/\/api.w.org\/{rel}","templated":true}]}}