{"id":165,"date":"2025-07-31T16:01:43","date_gmt":"2025-07-31T16:01:43","guid":{"rendered":"https:\/\/www.bon-vivin.fr\/?post_type=product&#038;p=165"},"modified":"2025-11-03T17:32:14","modified_gmt":"2025-11-03T17:32:14","slug":"amphore-100-malbec-calcaire-ferrugineux-siderolithique","status":"publish","type":"product","link":"https:\/\/www.bon-vivin.fr\/index.php\/produit\/amphore-100-malbec-calcaire-ferrugineux-siderolithique\/","title":{"rendered":"Skin-Contact Vin de France <img src=\"http:\/\/www.bon-vivin.fr\/wp-content\/uploads\/2025\/09\/AB_HD.jpg\" alt=\"Label AB\" class=\"logo-titre-inline\">"},"content":{"rendered":"<p><strong><img loading=\"lazy\" decoding=\"async\" class=\"wp-image-575 alignleft\" src=\"http:\/\/www.bon-vivin.fr\/wp-content\/uploads\/2025\/09\/AB_HD-248x300.jpg\" alt=\"\" width=\"34\" height=\"41\" srcset=\"https:\/\/www.bon-vivin.fr\/wp-content\/uploads\/2025\/09\/AB_HD-248x300.jpg 248w, https:\/\/www.bon-vivin.fr\/wp-content\/uploads\/2025\/09\/AB_HD-847x1024.jpg 847w, https:\/\/www.bon-vivin.fr\/wp-content\/uploads\/2025\/09\/AB_HD-768x929.jpg 768w, https:\/\/www.bon-vivin.fr\/wp-content\/uploads\/2025\/09\/AB_HD-1270x1536.jpg 1270w, https:\/\/www.bon-vivin.fr\/wp-content\/uploads\/2025\/09\/AB_HD-1693x2048.jpg 1693w, https:\/\/www.bon-vivin.fr\/wp-content\/uploads\/2025\/09\/AB_HD-416x503.jpg 416w, https:\/\/www.bon-vivin.fr\/wp-content\/uploads\/2025\/09\/AB_HD.jpg 1833w\" sizes=\"auto, (max-width: 34px) 100vw, 34px\" \/><\/strong><br \/>\n<strong style=\"color: #2e7d32;\">Biodynamie\/Demeter et <strong>Biodyvin<\/strong><\/strong><\/p>\n<p>Un vin orange singulier \u2013 fruit\u00e9, d\u00e9licatement tannique, \u00e0 la fois frais et gourmand. Il s\u2019ouvre sur un nez de p\u00eache, abricot, fleur de rose et \u00e9pices subtiles, tandis que la bouche d\u00e9ploie une texture ample, tonique, avec une finale longue et min\u00e9rale. Rare \u00e9quilibre entre structure, richesse aromatique et \u00e9l\u00e9gance naturelle.<\/p>\n<p><strong>Accords gourmands<\/strong><\/p>\n<ul>\n<li>Fromages affin\u00e9s (type brebis, comt\u00e9)<\/li>\n<li>Plats aigres-doux ou aux \u00e9pices douces<\/li>\n<li>Foie gras po\u00eal\u00e9 ou chutney de fruits m\u00fbrs<\/li>\n<li>Cuisine asiatique raffin\u00e9e, volailles ou gibiers en sauce l\u00e9g\u00e8re<\/li>\n<\/ul>\n","protected":false},"excerpt":{"rendered":"<p>Biodynamie\/Demeter et Biodyvin Un vin orange singulier \u2013 fruit\u00e9, d\u00e9licatement tannique, \u00e0 la fois frais et gourmand. Il s\u2019ouvre sur un nez de p\u00eache, abricot, fleur de rose et \u00e9pices subtiles, tandis que la bouche d\u00e9ploie une texture ample, tonique, avec une finale longue et min\u00e9rale. Rare \u00e9quilibre entre structure, richesse aromatique et \u00e9l\u00e9gance naturelle. [&hellip;]<\/p>\n","protected":false},"featured_media":305,"comment_status":"open","ping_status":"closed","template":"","meta":{"inline_featured_image":false},"product_brand":[],"product_cat":[22],"product_tag":[],"class_list":{"0":"post-165","1":"product","2":"type-product","3":"status-publish","4":"has-post-thumbnail","6":"product_cat-blanc","7":"pa_vigneron-mas-delperie","9":"first","10":"instock","11":"shipping-taxable","12":"purchasable","13":"product-type-simple"},"_links":{"self":[{"href":"https:\/\/www.bon-vivin.fr\/index.php\/wp-json\/wp\/v2\/product\/165","targetHints":{"allow":["GET"]}}],"collection":[{"href":"https:\/\/www.bon-vivin.fr\/index.php\/wp-json\/wp\/v2\/product"}],"about":[{"href":"https:\/\/www.bon-vivin.fr\/index.php\/wp-json\/wp\/v2\/types\/product"}],"replies":[{"embeddable":true,"href":"https:\/\/www.bon-vivin.fr\/index.php\/wp-json\/wp\/v2\/comments?post=165"}],"wp:featuredmedia":[{"embeddable":true,"href":"https:\/\/www.bon-vivin.fr\/index.php\/wp-json\/wp\/v2\/media\/305"}],"wp:attachment":[{"href":"https:\/\/www.bon-vivin.fr\/index.php\/wp-json\/wp\/v2\/media?parent=165"}],"wp:term":[{"taxonomy":"product_brand","embeddable":true,"href":"https:\/\/www.bon-vivin.fr\/index.php\/wp-json\/wp\/v2\/product_brand?post=165"},{"taxonomy":"product_cat","embeddable":true,"href":"https:\/\/www.bon-vivin.fr\/index.php\/wp-json\/wp\/v2\/product_cat?post=165"},{"taxonomy":"product_tag","embeddable":true,"href":"https:\/\/www.bon-vivin.fr\/index.php\/wp-json\/wp\/v2\/product_tag?post=165"}],"curies":[{"name":"wp","href":"https:\/\/api.w.org\/{rel}","templated":true}]}}