{"id":37,"date":"2025-07-24T18:59:15","date_gmt":"2025-07-24T18:59:15","guid":{"rendered":"https:\/\/www.bon-vivin.fr\/?page_id=37"},"modified":"2025-10-21T16:14:41","modified_gmt":"2025-10-21T16:14:41","slug":"accueilllll","status":"publish","type":"page","link":"https:\/\/www.bon-vivin.fr\/","title":{"rendered":"Notre concept"},"content":{"rendered":"\n<p><\/p>\n\n\n\n<p><strong>Vins bio et authentiques, s\u00e9lectionn\u00e9s directement chez des vignerons passionn\u00e9s.<\/strong><\/p>\n\n\n\n<p>Notre offre s\u2019adresse aux <strong>comit\u00e9s d\u2019entreprise, associations et particuliers<\/strong> qui souhaitent d\u00e9couvrir et partager le meilleur du terroir.<\/p>\n\n\n\n<p><strong>Comment \u00e7a marche ?<\/strong><\/p>\n\n\n\n<ol class=\"wp-block-list\">\n<li>Composez votre panier selon vos envies.<\/li>\n\n\n\n<li>Recevez votre devis personnalis\u00e9.<\/li>\n\n\n\n<li>Profitez d\u2019une s\u00e9lection de vins de qualit\u00e9, livr\u00e9s directement chez vous.<\/li>\n<\/ol>\n\n\n\n<p><\/p>\n\n\n\n<p><\/p>\n\n\n\n<figure class=\"wp-block-gallery has-nested-images columns-default is-cropped wp-block-gallery-1 is-layout-flex wp-block-gallery-is-layout-flex\">\n<figure class=\"wp-block-image size-full\"><img loading=\"lazy\" decoding=\"async\" width=\"1024\" height=\"1024\" data-id=\"68\" src=\"https:\/\/www.bon-vivin.fr\/wp-content\/uploads\/2025\/07\/Chai-et-Tonneaux-de-Vin.png\" alt=\"\" class=\"wp-image-68\" srcset=\"https:\/\/www.bon-vivin.fr\/wp-content\/uploads\/2025\/07\/Chai-et-Tonneaux-de-Vin.png 1024w, https:\/\/www.bon-vivin.fr\/wp-content\/uploads\/2025\/07\/Chai-et-Tonneaux-de-Vin-150x150.png 150w, https:\/\/www.bon-vivin.fr\/wp-content\/uploads\/2025\/07\/Chai-et-Tonneaux-de-Vin-300x300.png 300w, https:\/\/www.bon-vivin.fr\/wp-content\/uploads\/2025\/07\/Chai-et-Tonneaux-de-Vin-768x768.png 768w, https:\/\/www.bon-vivin.fr\/wp-content\/uploads\/2025\/07\/Chai-et-Tonneaux-de-Vin-416x416.png 416w, https:\/\/www.bon-vivin.fr\/wp-content\/uploads\/2025\/07\/Chai-et-Tonneaux-de-Vin-100x100.png 100w\" sizes=\"auto, (max-width: 1024px) 100vw, 1024px\" \/><\/figure>\n<\/figure>\n\n\n\n<p><\/p>\n","protected":false},"excerpt":{"rendered":"<p>Vins bio et authentiques, s\u00e9lectionn\u00e9s directement chez des vignerons passionn\u00e9s. Notre offre s\u2019adresse aux comit\u00e9s d\u2019entreprise, associations et particuliers qui souhaitent d\u00e9couvrir et partager le meilleur du terroir. Comment \u00e7a marche ?<\/p>\n","protected":false},"author":1,"featured_media":0,"parent":0,"menu_order":0,"comment_status":"closed","ping_status":"closed","template":"","meta":{"inline_featured_image":false,"footnotes":""},"class_list":["post-37","page","type-page","status-publish","hentry"],"_links":{"self":[{"href":"https:\/\/www.bon-vivin.fr\/index.php\/wp-json\/wp\/v2\/pages\/37","targetHints":{"allow":["GET"]}}],"collection":[{"href":"https:\/\/www.bon-vivin.fr\/index.php\/wp-json\/wp\/v2\/pages"}],"about":[{"href":"https:\/\/www.bon-vivin.fr\/index.php\/wp-json\/wp\/v2\/types\/page"}],"author":[{"embeddable":true,"href":"https:\/\/www.bon-vivin.fr\/index.php\/wp-json\/wp\/v2\/users\/1"}],"replies":[{"embeddable":true,"href":"https:\/\/www.bon-vivin.fr\/index.php\/wp-json\/wp\/v2\/comments?post=37"}],"version-history":[{"count":17,"href":"https:\/\/www.bon-vivin.fr\/index.php\/wp-json\/wp\/v2\/pages\/37\/revisions"}],"predecessor-version":[{"id":541,"href":"https:\/\/www.bon-vivin.fr\/index.php\/wp-json\/wp\/v2\/pages\/37\/revisions\/541"}],"wp:attachment":[{"href":"https:\/\/www.bon-vivin.fr\/index.php\/wp-json\/wp\/v2\/media?parent=37"}],"curies":[{"name":"wp","href":"https:\/\/api.w.org\/{rel}","templated":true}]}}